st common factor of 65166 and 6?
6
Calculate the highest common divisor of 152 and 113624.
8
What is the highest common divisor of 2800 and 20832?
112
Calculate the highest common factor of 13 and 17192214.
13
What is the highest common divisor of 218731 and 901?
53
Calculate the highest common divisor of 216700 and 88.
44
What is the greatest common factor of 183 and 31659?
183
What is the greatest common factor of 101985 and 52?
13
Calculate the greatest common divisor of 64321 and 491.
491
What is the greatest common divisor of 192 and 124464?
48
What is the highest common divisor of 2124 and 175572?
36
Calculate the highest common divisor of 16684 and 45924.
172
What is the highest common divisor of 7973 and 35?
7
What is the greatest common factor of 12540 and 48532?
44
What is the highest common factor of 435 and 5490?
15
Calculate the greatest common divisor of 1475 and 368.
1
What is the greatest common divisor of 3654 and 79947?
63
Calculate the greatest common factor of 16 and 1366072.
8
What is the greatest common factor of 1067 and 440?
11
Calculate the highest common divisor of 8151 and 912.
57
Calculate the greatest common factor of 1390 and 65608.
278
Calculate the greatest common factor of 623 and 1379.
7
What is the greatest common divisor of 264040 and 1012?
92
Calculate the highest common divisor of 72 and 5476.
4
What is the highest common divisor of 15510 and 210?
30
What is the greatest common factor of 1526 and 54718?
218
Calculate the greatest common factor of 294606 and 234.
234
Calculate the highest common factor of 6 and 3145452.
6
What is the highest common divisor of 878294 and 551?
551
What is the highest common divisor of 2 and 1065340?
2
Calculate the greatest common divisor of 42 and 25956.
42
Calculate the highest common divisor of 205935 and 75.
15
Calculate the highest common factor of 11908 and 533.
13
Calculate the greatest common factor of 71640 and 225.
45
Calculate the greatest common factor of 52318 and 62678.
518
What is the greatest common divisor of 452 and 125204?
452
What is the highest common divisor of 6489 and 16569?
63
What is the greatest common divisor of 6612 and 532?
76
What is the greatest common factor of 614627 and 91?
13
What is the highest common divisor of 2375 and 40280?
95
What is the highest common factor of 7199 and 4?
1
What is the highest common divisor of 131227 and 843?
281
What is the highest common divisor of 1553599 and 727?
727
What is the highest common factor of 22560 and 1695?
15
Calculate the greatest common factor of 1095 and 1455.
15
Calculate the highest common factor of 108 and 26325.
27
Calculate the greatest common divisor of 805119 and 441.
147
Calculate the greatest common divisor of 11 and 2342131.
11
What is the greatest common divisor of 107865 and 93?
3
Calculate the highest common factor of 240 and 18192.
48
What is the greatest common divisor of 1872 and 1053?
117
What is the highest common factor of 26248 and 11492?
68
What is the greatest common factor of 11029 and 287?
41
What is the highest common divisor of 40 and 1288290?
10
Calculate the highest common divisor of 20977 and 7.
1
Calculate the greatest common divisor of 46176 and 999.
111
Calculate the greatest common factor of 350 and 84325.
25
Calculate the greatest common factor of 41951 and 13.
13
What is the highest common divisor of 157738 and 70?
14
Calculate the highest common divisor of 245 and 22925.
35
Calculate the highest common divisor of 13937 and 3258.
181
What is the greatest common factor of 161 and 736?
23
What is the greatest common factor of 184 and 470396?
92
What is the highest common divisor of 357566 and 330?
22
Calculate the greatest common factor of 57729 and 14.
7
What is the highest common divisor of 2294676 and 108?
108
What is the highest common divisor of 2983 and 9106?
157
What is the greatest common factor of 246 and 420414?
246
Calculate the highest common divisor of 1152 and 140004.
36
What is the greatest common factor of 1254 and 2211429?
627
What is the highest common divisor of 18 and 396252?
18
Calculate the greatest common factor of 516607 and 91.
91
Calculate the highest common factor of 7140 and 1920.
60
Calculate the greatest common factor of 5 and 29765.
5
What is the greatest common divisor of 4705503 and 66?
33
What is the highest common factor of 54195 and 465?
15
What is the greatest common divisor of 62077 and 736?
23
What is the highest common factor of 5479638 and 1349?
1349
What is the highest common divisor of 399 and 8421?
21
Calculate the highest common factor of 432 and 12912.
48
Calculate the greatest common factor of 40606 and 186582.
514
Calculate the highest common divisor of 184 and 648.
8
What is the highest common divisor of 31819 and 90041?
677
What is the greatest common factor of 1450 and 690500?
50
What is the highest common divisor of 64 and 982336?
64
What is the greatest common divisor of 518 and 18703426?
518
What is the greatest common factor of 9 and 198396?
9
What is the greatest common divisor of 136 and 221?
17
What is the highest common factor of 8631 and 441?
63
Calculate the greatest common divisor of 5951 and 182317.
541
What is the highest common factor of 1336 and 19706?
334
What is the highest common divisor of 181263 and 115?
23
What is the greatest common divisor of 42 and 96082?
14
What is the highest common factor of 4374 and 3897?
9
What is the highest common divisor of 42 and 24762?
6
Calculate the highest common divisor of 651116 and 4.
4
What is the highest common factor of 99 and 2993859?
99
What is the highest common factor of 3694 and 20?
2
What is the greatest common factor of 107 and 867556?
107
What is the greatest common factor of 1 and 66037?
1
What is the greatest common factor of 1092 and 100884?
84
Calculate the greatest common factor of 273264 and 384.
48
Calculate the greatest common divisor of 27360 and 6768.
144
Calculate the greatest common divisor of 40 and 1872140.
20
Calculate the highest common divisor of 804 and 853044.
804
Calculate the highest common factor of 2451 and 4731.
57
What is the greatest common divisor of 112 and 470064?
112
What is the greatest common divisor of 220879 and 2?
1
Calculate the highest common divisor of 13 and 2319421.
13
What is the highest common divisor of 8758 and 151?
151
What is the greatest common divisor of 36660 and 6204?
564
Calculate the highest common factor of 2062 and 761909.
1031
Calculate the highest common divisor of 2 and 101730.
2
What is the highest common factor of 1512 and 21000?
168
Calculate the highest common factor of 1098 and 2082.
6
Calculate the highest common factor of 5071 and 461.
461
What is the greatest common divisor of 519731 and 383?
383
What is the greatest common factor of 12 and 2246658?
6
What is the highest common factor of 658 and 5123?
47
Calculate the highest common divisor of 13308 and 78.
6
Calculate the greatest common factor of 1112 and 823714.
278
What is the greatest common divisor of 32639 and 26035?
127
What is the highest common divisor of 375863 and 86?
43
What is the highest common divisor of 6 and 405138?
6
Calculate the highest common factor of 1918 and 3227.
7
Calculate the greatest common divisor of 18475 and 500.
25
What is the highest common divisor of 1431598 and 56?
14
What is the highest common divisor of 4382 and 896?
14
Calculate the greatest common divisor of 4763 and 508342.
433
What is the greatest common divisor of 14246 and 24752?
34
What is the highest common factor of 3150 and 234675?
1575
What is the highest common factor of 34987 and 21941?
593
What is the greatest common factor of 56 and 1155798?
14
Calculate the greatest common divisor of 69 and 286971.
69
What is the highest common factor of 5211 and 2393007?
579
What is the highest common divisor of 252711 and 43?
43
Calculate the greatest common divisor of 2465 and 153.
17
What is the greatest common divisor of 809010 and 10?
10
What is the highest common factor of 933 and 307268?
311
Calculate the greatest common factor of 195 and 89960.
65
Calculate the highest common divisor of 8768 and 1984.
64
Calculate the greatest common divisor of 13662 and 78606.
198
What is the highest common factor of 8 and 15868?
4
What is the gre